*g + 139. Let h be u(-13). What is the greatest common factor of h and 99?
9
Let t be (6/(-2))/(50/(-225))*2. What is the greatest common divisor of 603 and t?
9
Suppose 0 = -o - b + 245 + 12, -3*o - 4*b = -773. Let r(i) = 9*i + 3. Let g be r(11). What is the highest common factor of g and o?
51
Suppose -2*h = -5*o + 583 + 2482, 0 = 5*o + 5*h - 3030. What is the highest common divisor of 282 and o?
47
Let g be ((-3)/(6/22))/((-1)/1). Calculate the greatest common divisor of g and 319.
11
Let y(b) = -b**3 - 10*b**2 + b + 10. Let s be y(-10). Let d be (24 - 1) + s/(-2). Let p = d + -3. What is the greatest common divisor of 10 and p?
10
Suppose m + 3*j - 9 = 0, m + 3 = -4*j + 9. Suppose 3*l - 3*r - 54 = m, -2*r = 4. Calculate the highest common factor of 154 and l.
22
Let k be -18*-5*8/24. Let g = -24 + 34. Calculate the highest common factor of g and k.
10
Let m be 4/(-6)*(30 - 18). Let a be (-161)/28 - -6 - 382/m. What is the highest common factor of 36 and a?
12
Let g = 1018 - 809. Calculate the highest common factor of 55 and g.
11
Suppose o + o - 18 = 5*p, -3*o + 14 = -p. Let s(c) = c - 1. Let b be s(3). Suppose -o*a + b*a = -36. Calculate the highest common factor of a and 12.
6
Let b(f) = -f**2 - 19*f - 1. Let t be b(-17). Suppose 3 - t = -5*q. What is the highest common divisor of 24 and q?
6
Let a = 81 + 14. Suppose a = 2*c + 3*c. Let u = -5 + c. What is the highest common factor of 154 and u?
14
Suppose 7 = 5*o - t, 6*t - 8 = 2*o + 2*t. Suppose -2*z = -8, -o*z = 4*n - z - 72. Calculate the greatest common factor of n and 136.
17
Let r(v) = v + 17. Let p be (-4)/(-8) - (-27)/(-2). Let z be r(p). Let q be (-1)/(1*z/(-24)). Calculate the highest common divisor of q and 3.
3
Let y be (-11 - (-913)/(-22))*4*3/(-6). Let v = 94 - 52. What is the highest common divisor of y and v?
21
Let d(v) = v + 10. Let p be d(-6). Let h = 8 - 4. Calculate the highest common factor of p and h.
4
Let u(z) = -36*z + 405. Let m be u(11). Calculate the greatest common divisor of 1773 and m.
9
Let u(z) = -2*z**3 + 3*z**3 - 5 - 6*z - z**2 + 6*z. Let j be u(5). Suppose j + 70 = 3*k. Calculate the greatest common factor of 11 and k.
11
Let w be (-6)/10 - 198/(-55). Suppose 0 = w*x - 4*c - 39, 8*c - 30 = -5*x + 3*c. Calculate the highest common divisor of x and 117.
9
Let l = 321 + 29. Calculate the greatest common divisor of 14 and l.
14
Let v(l) = -l + 18. Let d be v(16). Suppose 0 = -d*s - 94 + 286. What is the highest common divisor of 12 and s?
12
Let d = -17 - -23. Suppose -4*q + 28 = 5*j, -j - 3 = 1. Let l be -2 + q/(1 + 2). Calculate the highest common divisor of d and l.
2
Let i(u) = -2 - 23*u**2 + 25*u**2 - 4*u - 6*u. Let p be i(-4). What is the highest common divisor of 35 and p?
35
Suppose 0 = l + 3*z - 81, -6*l + 4*l + 2*z = -202. What is the highest common divisor of l and 108?
12
Let z be (-15)/(-25) + (-12)/(-5). Let x be ((-2)/10)/(12/(-140))*z. What is the highest common factor of x and 119?
7
Let b = 30 - -315. What is the greatest common divisor of 15 and b?
15
Let s = -818 - -902. What is the greatest common divisor of s and 18?
6
Suppose a - 105 = -2*a. Suppose r + 28 = 5*j - r, -j + 12 = -2*r. Suppose -5*k - 3*q = -10, 5*k + 10 = j*k - 3*q. What is the highest common divisor of a and k?
5
Suppose -4*o = o - 1280. What is the highest common divisor of 32 and o?
32
Let o(c) = -7*c + 27. Let y(x) = -3*x + 13. Let t(r) = -4*o(r) + 9*y(r). Let u be t(6). Let z = 46 - 43. What is the highest common factor of u and z?
3
Suppose -5*d = -2*b + 213, 9*d - 564 = -5*b + 11*d. Let c = -54 + b. Let u = -17 + 32. What is the highest common factor of c and u?
15
Let v = -28 + 31. Suppose -y + 6*m + 8 = 4*m, -v*m = 9. Calculate the highest common divisor of 6 and y.
2
Let p(l) = l**3 - l**2 - l + 4. Let i be p(0). Suppose 120 = -i*r + 14*r. Calculate the greatest common divisor of 96 and r.
12
Let r be 335/20 - 5 - 20/(-16). Let n(m) = 248*m**2 + 2*m + 1. Let i be n(-1). What is the highest common divisor of r and i?
13
Let h = 5 + 4. Suppose h*r - 72 = 54. Calculate the highest common factor of 2 and r.
2
Let o(h) = -h**3 - 3*h**2 + 2. Let d be o(2). Let l = -13 - d. Suppose 0*v + 1 = -v + p, -p + 25 = l*v. Calculate the greatest common divisor of v and 20.
4
Let o(u) = 2*u**2 - u + 17. Let l be o(-6). Let b = l - 84. Calculate the greatest common divisor of b and 55.
11
Let y(q) = -q**3 + 15*q**2 + 19*q - 181. Let a be y(11). Calculate the greatest common divisor of a and 16.
16
Let t(i) = 2*i - 24 + 2*i**2 + 3*i**2 + 2 - 4*i**2. Let c be t(-12). Calculate the greatest common divisor of c and 14.
14
Let o = -2 - -3. Let m be 516/4 + o + -4. Let p be ((-14)/4)/(6/(-24)). What is the highest common factor of m and p?
14
Let g(s) be the first derivative of 14*s**2 - 2. Let u be g(1). What is the greatest common factor of u and 308?
28
Let u(x) = 18*x**2 - 22*x - 2. Let p be u(5). Calculate the highest common divisor of 104 and p.
26
Suppose 8*o = 24*o - 128. Let l = -99 - -139. What is the highest common factor of o and l?
8
Let m = -53 - -52. Let x be m/(4/(-48)) + (-1 - -4). What is the greatest common factor of x and 30?
15
Suppose 16*g - 13*g - 297 = 0. Suppose 9 + 27 = 4*y. What is the greatest common factor of g and y?
9
Suppose 0*z - f = -z + 1, 0 = -4*f + 12. Suppose -2*i = -2*j + 58, z*i + 30 = 2*j - 38. What is the highest common divisor of j and 4?
4
Suppose -7*l + 0*l = 0. Suppose -5*i + 8 + 12 = l. What is the highest common factor of 20 and i?
4
Suppose -6*w + 3*w = 0. Let m = w - -15. What is the greatest common factor of m and 135?
15
Let m be 5*-5*(0 - 1). Suppose -280 = -4*w - 4*s, 247 = 4*w + 2*s - m. Suppose 105 = 4*t - 27. What is the highest common divisor of t and w?
33
Let g(k) = -61*k. Let n be g(-1). Suppose t + t - n = r, 94 = 3*t + r. Suppose 465 = 5*h - 0*h. What is the greatest common divisor of t and h?
31
Let n be 441*2*5/15. Suppose 3*a - n - 401 = -g, 5*a - g = 1153. What is the greatest common divisor of a and 33?
33
Suppose 4*q - 5*a - 8 = 0, -4*q + 0*a = 5*a - 8. Let u = 7 - q. Suppose 40 = u*f - 5. What is the greatest common divisor of f and 45?
9
Let p be ((-6)/4)/(20/(-600)). Suppose -6*o + p = -3*o. Calculate the greatest common factor of o and 105.
15
Let f(p) = 11*p + 49. Let x(n) = 21*n + 99. Let z(r) = -7*f(r) + 4*x(r). Let g be z(-4). What is the greatest common factor of g and 75?
25
Let v = -866 + 944. What is the greatest common divisor of v and 702?
78
Let x = -15 - -15. Suppose -3*i + 552 = c, 0 = -2*i - c - x*c + 368. Calculate the highest common divisor of i and 23.
23
Suppose 2*d + 4*k - 130 = 50, 0 = 2*d - 2*k - 210. What is the greatest common divisor of d and 310?
10
Suppose 7*g - 100 = 2*g. Let n(j) = -5 + 13 - j + 2. Let p be n(0). Calculate the greatest common factor of g and p.
10
Suppose -3*f = 5*b - 1397, -3*b = -14*f + 11*f + 1365. Calculate the highest common divisor of 51 and f.
51
Let b(f) = f**3 - 11*f**2 + 3. Let x be b(11). Let h be (-2 + x)*(-3 + -3 + 24). What is the highest common divisor of h and 198?
18
Let g(a) = 47*a**2 + a + 9. Let z be g(-6). Suppose d + 2*d = -z. Let b = -390 - d. Calculate the highest common divisor of 70 and b.
35
Let o(u) = u + 3. Let r be o(6). Let t = r + -9. Suppose 3*n + t*f + 3*f = 33, 3*f - 47 = -4*n. What is the greatest common factor of n and 21?
7
Let s(l) be the second derivative of l**5/20 + 2*l**4/3 + 3*l**2/2 - 8*l. Let z be s(-8). Calculate the highest common factor of 39 and z.
3
Suppose -105*x + 72 = -103*x. What is the greatest common divisor of 204 and x?
12
Let q(x) = 31*x + 1. Let r be q(-1). Let z = 54 - r. Suppose 0 = 4*d + 4*u - 44, d = 3*u + 4 + 11. Calculate the highest common factor of z and d.
12
Suppose -2*x = -2*s + 32, -5*x + 2*x - 2*s = 63. Let r = 48 + x. Calculate the highest common divisor of 319 and r.
29
Suppose n + 3*n = 3*a + 17, -n + 8 = -2*a. Suppose 160 = -n*b + 4*b. What is the highest common divisor of 16 and b?
16
Suppose -4*l + 5*b + 308 = 0, 7*l - 292 = 3*l + b. What is the greatest common factor of 198 and l?
18
Let r(y) = -2*y**2 + 7*y - 6. Let p be r(5). Let t = -20 - p. Calculate the greatest common divisor of 3 and t.
1
Let o(d) = 2*d - 6. Let h be o(5). Suppose 37*q = 41*q + 200. Let w be (q/15 + 4)*24. Ca